. Determine q(p).
3
Let z be 1 + -3 + 2 + 12. Suppose b = 4*b - z. Let j(v) = -v**3 + 6*v**2 - 7*v + 6. Give j(b).
10
Let l(r) be the first derivative of -r**6/360 - 7*r**5/120 - 5*r**4/24 + 4*r**3/3 - 4. Let b(z) be the third derivative of l(z). Determine b(-7).
-5
Let k(p) = 5*p + 11. Let u(f) = 3*f + 6. Let n(v) = -4*k(v) + 7*u(v). Suppose -4*h = -5*i + 3*i - 14, 4*i - 22 = -2*h. Calculate n(h).
3
Let b(g) = -g - 5. Let q(v) = 0 + 3 + 2 + v - 1. Let f(t) = 2*b(t) + 3*q(t). Determine f(-3).
-1
Let s(h) be the first derivative of h**2/2 - 6*h + 4. What is s(6)?
0
Let n be 3/2 - 11/(-22). Let x(c) be the third derivative of -3/40*c**6 + 0 - 1/60*c**5 + 0*c + 0*c**3 + 1/24*c**4 - c**n. What is x(1)?
-9
Let i(v) = 3*v**2 + 1. Let d be i(1). Suppose -5*b = -d - 11. Let g(t) = t**b - 5 + 2*t**2 - 2*t**2 + t - 4*t**2. Determine g(4).
-1
Let r be 4/6 - (-50)/15. Suppose 3*z - 23 = r*d, 5*d + 2*z = -0*z - 23. Let j(a) = 2*a + 3. Determine j(d).
-7
Let z(q) = 3*q**2 - 6 + q**3 + 3*q + 3 + 2*q**2 + 7. What is z(-5)?
-11
Let j(b) = b + 3. Let u(x) = -x**2 + 5*x. Let r be u(4). Let l = -3 - -8. Suppose -2*m = y - 0*m - r, -5*y = l*m. Give j(y).
-1
Let a(k) = -77 - 83 + 156 - 5*k. Give a(-5).
21
Let w(a) = a**2 + 1 - 9*a + 1 + 4*a + 6*a. Suppose -3 - 5 = 4*i. Give w(i).
4
Let p(s) be the second derivative of -s**5/20 - s**4/3 + s**3 - s**2/2 + s. Give p(-5).
-6
Let j(q) = -q**2 - 5*q + 4. Let s be j(-6). Let k(d) be the first derivative of -d**4/2 - 4*d**3/3 - 3*d**2/2 - d - 2. What is k(s)?
5
Let l(q) = 3*q**2 - 5*q + 3. Suppose 7*j - 9 = 12. Calculate l(j).
15
Let p(q) = -14 + 12 + q - 44*q**3 + 43*q**3 + 2*q**2. What is p(3)?
-8
Let z be 51/126 - 12/(-126). Let w(g) be the first derivative of -2*g**3 + 0*g + 4 + z*g**2. Calculate w(1).
-5
Let q(l) = l**3 - 7*l**2 + 7*l - 1. Suppose 3*i + 5*u = 30, 2*i - 3*i + 2*u - 1 = 0. Suppose i*n - 10 = 4*a, n - 26 = -4*a - 0*a. What is q(n)?
5
Let h(k) be the first derivative of -k**4/4 + 7*k**3/3 - 5*k**2/2 + 7*k - 18. Calculate h(6).
13
Let f(u) = u + 2. Let j be f(-2). Let w(d) = -1 + 4*d - 4*d + j - d**2 + d. Determine w(0).
-1
Let s(c) = c**3 + 5*c**2 - 6*c. Let p be s(-6). Let k(z) = p - 3 + 2*z - 3*z. Let g(r) = -2*r + 3. Let l be g(4). Determine k(l).
2
Let j(w) = -4*w**3 + 0 - 1 + 2*w**3 - 4*w + 7*w**2 + w**3. What is j(6)?
11
Suppose 7 = -5*c + 2*w - 28, -5*w = c + 34. Let m(f) = f**2 + 6*f - 8. What is m(c)?
19
Let x(t) = -t**2 + 5*t - 4. Let u = 1 + 2. Suppose -u*z - 6 = -15. Determine x(z).
2
Let f(t) = -t**2 - 6*t - 1. Let m(p) = 4*p**3 - p**2. Let d be m(1). Suppose -20 = -d*q - 2*q. Suppose -4*o - s = -q*s + 39, -3*o + 2*s - 28 = 0. What is f(o)?
-1
Let i be (1 - (6 + -1))*-1. Let w(v) = v**2 - 1. Let q(f) = 3*f**2 + 5*f - 1. Let l(p) = q(p) - 4*w(p). Give l(i).
7
Let t be (32/20)/(2/5). Let g(w) = w**2 + 10*w + t - 4 - 9*w. Let r = 5 + -8. Determine g(r).
6
Let j(s) = s**2 - 4*s - 3. Let t(h) = h. Let g(p) = j(p) + 4*t(p). Determine g(3).
6
Let j(k) be the second derivative of k**4/12 - k. Let h(x) = -x**2 + 8*x - 8. Suppose 0 = -5*p - 5 + 40. Let n be h(p). Calculate j(n).
1
Let j(y) be the second derivative of 1/3*y**4 - 1/20*y**5 + 2*y**2 - 5/6*y**3 - 2*y + 0. Determine j(3).
-2
Let o(z) = -3 - 4*z**2 + 4 + 3*z**2. Calculate o(-3).
-8
Let i(a) = -15*a**2 + 21*a**2 + 5*a**3 + 5 - 4*a**3. Determine i(-6).
5
Let i = 2 - -1. Let y(f) be the first derivative of -f**4/4 + 4*f**3/3 - 3*f**2/2 - f + 3. What is y(i)?
-1
Suppose 4*y + 5*z = -31, y = -0*z - 2*z - 7. Let w(u) = -u**2 - 8*u. Give w(y).
-9
Suppose 15 = -3*o + 6. Suppose -6 = 3*r, -r - 2 = -3*d + 12. Let c(t) = -t - 4 + d*t - 5*t. Determine c(o).
2
Let s(v) = -v - 3. Let y(l) = l + 2. Let x be y(-5). Give s(x).
0
Suppose 12 = -5*v + i - 1, -5*v + 2*i = 16. Let u(x) = x**3 + 4*x**2 + 2*x - 2. Give u(v).
2
Let m(c) = c**2 - 3*c + 3. Suppose -2*h - 2*x = -3*x - 2, 3*h - 25 = -4*x. Calculate m(h).
3
Let w = 0 - 0. Suppose -5*t + 4 + 11 = w. Let c(j) = 2*j**3 - 9*j**2 + j. Let v(d) = -d**3 + 4*d**2. Let p(q) = -2*c(q) - 5*v(q). What is p(t)?
3
Let j(g) = -2*g - 9. Let i = -1 + -3. Let q = -54 + 36. Let n be (q/i)/(3/(-4)). Calculate j(n).
3
Let k(q) = 7*q**3 + 6*q**2 + 5*q - 4. Let s(y) = 13*y**3 + 11*y**2 + 9*y - 7. Let v(o) = 11*k(o) - 6*s(o). What is v(0)?
-2
Let a(j) be the second derivative of j**7/840 - j**6/360 + j**4/24 - j**3/2 + 2*j. Let p(x) be the second derivative of a(x). Give p(2).
5
Let a(x) = -x**2 - 9*x + 10. Let j be a(-8). Suppose 2 = 4*g - p - 16, -5*g - p = -j. Let z(w) = -w**3 + 5*w**2 - 4*w + 5. Calculate z(g).
5
Let i(t) = -t**3 + 6*t**2 - 4*t - 4. Let p be (-88)/(-6) - (-4)/12. Suppose -8*l + 4*l = z - 5, p = 3*z + 3*l. Give i(z).
1
Let h(g) = 3*g**3 + 1. Let w be h(1). Let t(v) = 8*v**2 + 2 - 3*v - 2*v**2 - 5*v**2. Determine t(w).
6
Let f(k) = -4*k**3 - k**2 - k. Suppose 4*y = -y. Let u = y + 4. Suppose -1 = u*l + 3. Determine f(l).
4
Let v(o) be the second derivative of -1/2*o**3 + 1/6*o**4 - 2*o**2 + 0 - o. Let l be (-42)/(-12) + (-1)/2. What is v(l)?
5
Let i(o) = 12*o - 4. Let q(d) = -25*d + 9. Let w(p) = 7*i(p) + 3*q(p). Let b(v) = v - 14. Let m be b(13). What is w(m)?
-10
Let c = -5 - -7. Let b(d) = 3*d**2 + 0*d**c - 4*d + 1 - 6*d**2 + 2*d**2. What is b(-3)?
4
Let t(s) = -s**3 + 4*s**2 - s + 2. Suppose 0*v - 4 = -v. What is t(v)?
-2
Let k = 38 + -35. Let p(f) = -f**2 + f + 2. Calculate p(k).
-4
Let v be (-4)/(-34) - 38/323. Let z(n) be the third derivative of v*n + 1/2*n**3 + n**2 + 0 + 1/24*n**4. Determine z(-5).
-2
Let p(i) be the second derivative of i**5/60 + i**4/8 + i**3/6 + i. Let o(h) be the second derivative of p(h). What is o(3)?
9
Let j(b) = 6*b**2 - 2*b + 1. Let n(p) = p - 5. Let x be n(6). Suppose h = 5*h. Let a be x + 0 - h/5. What is j(a)?
5
Let n(k) = -3*k - 5*k**2 + 8*k**2 - 4*k**2. Let w = -2 + 0. Let x = -6 - w. Calculate n(x).
-4
Suppose -3*r + 2*v = -10, 0 = 4*r + 2*v - 7*v - 11. Let f(p) = -5 + p + 3 + r - 1. Determine f(-2).
-1
Let o = 17 - 11. Suppose 2*f = 4 - o. Let r(w) = -2*w**2 - 2*w - 1. Give r(f).
-1
Let s(r) = r**2 + 1. Let k = 3 + -3. Suppose 5*a + 3*v = -12, 4*a - 4 = -k*a + v. Give s(a).
1
Let r(d) = d**3 - 6*d**2 + 7*d - 4. Let w(v) = -v**3 + 5*v**2 - 2*v - 3. Suppose -3 + 7 = g. Let k be w(g). Calculate r(k).
6
Suppose -36 = m - 7*m. Let i(u) = -7*u**2 - 12*u + 2. Let q(s) = s**2 + s. Let v(p) = m*q(p) + i(p). Calculate v(-3).
11
Let o(b) be the third derivative of -b**5/60 - b**4/6 + 5*b**3/6 - 4*b**2. What is o(-5)?
0
Let u(t) = t - 7. Let o(k) = -5*k**2 + 4*k + 5. Let d(f) = f**2 - f - 1. Let n(x) = 4*d(x) + o(x). Let r be n(1). Calculate u(r).
-7
Suppose 6*u - 2*u = 24. Let a(v) = -2*v**2 + 14*v - 13. Let w(j) = j - 6. Let h be w(8). Let c(y) = -y**2 + 7*y - 7. Let r(d) = h*a(d) - 5*c(d). Give r(u).
3
Let v(m) = -5*m**2 - m - 2 + 1 - 2*m + m. What is v(-1)?
-4
Let x(o) be the third derivative of 1/6*o**3 + 3*o**2 + 0 - 1/24*o**4 + 0*o. Suppose -4 + 6 = 3*c + i, 4*c - 5*i + 10 = 0. What is x(c)?
1
Suppose -4 = 4*j - 4*p, -2*p = 3*p - 20. Let o(b) = -1 + 3 - 7 + j*b - 2*b. Suppose -3*d + 5*c + 13 - 3 = 0, 0 = -d + 3*c + 2. Calculate o(d).
0
Let r(m) be the second derivative of -m**7/2520 - m**6/180 - m**5/30 - m**4/12 + 2*m. Let o(l) be the third derivative of r(l). Determine o(-4).
-4
Let o(p) = -4*p + 4*p**3 + 7*p + 4 + p**2 - 3*p**2. Let u(s) = 5*s**3 - 2*s**2 + 2*s + 3. Let x(w) = -2*o(w) + 3*u(w). What is x(1)?
6
Let u be ((-3)/2)/((-2)/(-4)). Let d be (0 - -1) + (5 - 3). Let b(w) = -3 - d*w + 3 - 3 + 0. Give b(u).
6
Let i(l) = -l - 8. Let x(d) = -2*d**3 + 4*d + 3. Let y be x(-2). Let m = y - 18. Calculate i(m).
-1
Let n(m) = 2*m**3 + 7*m**2 + 12*m + 5. Let s(b) = -b**3 - 4*b**2 - 6*b - 2. Let g(a) = 2*n(a) + 5*s(a). Suppose 0 = c + 4*c + 20. Give g(c).
-8
Let a = 3 + 0. Let t(g) = -3*g + 3. Calculate t(a).
-6
Let r(x) be the first derivative of -x**4/4 + 3*x - 12. Determine r(0).
3
Let k(f) = -10*f**2 + f**2 + f**3 - 5*f + f + 5*f**2 + 6. Give k(4).
-10
Let c(n) = -3*n + 1. Let d(a) = a**2 + 7*a + 4. Suppose -3*o + 18 = -6*o. Let m be d(o). Calculate c(m).
7
Let p(m) = m + 1. Let i(j) = -3*j**2 - 5*j - 3. Let x(s) = i(s) + 2*p(s). What is x(-2)?
-7
Suppose 2*v = -4 - 0. Let k(i) = i**3 + i**2 + 2. Determine k(v).
-2
Let x(w) = -2*w**3 - 5*w**2 - 3*w - 2. Suppose -3*g